4014
In base 4, what is 10131101200 - 12?
10131101122
In base 2, what is 111 - 10011011111010?
-10011011110011
In base 13, what is -4277326 + -5?
-427732b
In base 8, what is -3 - -20551207?
20551204
In base 7, what is -2600424 + -13?
-2600440
In base 11, what is 96808a + 42?
968121
In base 3, what is 21110111010 + -22200?
21110011110
In base 6, what is -13 + 54102235?
54102222
In base 3, what is -1011 + -1012011200100?
-1012011201111
In base 3, what is -202122001121 - -202?
-202122000212
In base 4, what is -3122332102 + -13?
-3122332121
In base 9, what is 4 + -403112215?
-403112211
In base 4, what is 2 + 100011333301?
100011333303
In base 12, what is -9687a2 + 15?
-968789
In base 5, what is -30 - -21002233244?
21002233214
In base 14, what is -12a39 + -329?
-12d64
In base 8, what is 45 + 22274524?
22274571
In base 7, what is -1603132 + -341?
-1603503
In base 4, what is -202303 - -223202?
20233
In base 14, what is c - d4c9?
-d4bb
In base 15, what is -2889aa4 + -11?
-2889ab5
In base 12, what is 201a98 - 7?
201a91
In base 11, what is 3 + 583281?
583284
In base 5, what is 3 - -131224232?
131224240
In base 10, what is -2 + -60340405?
-60340407
In base 6, what is 25404420 + -253?
25404123
In base 5, what is 11010034234 + -3?
11010034231
In base 13, what is -8815b - 74?
-88202
In base 4, what is 320023 + -12111113?
-11131030
In base 8, what is -1515 + -1104401?
-1106116
In base 11, what is -35 + 1750258?
1750223
In base 9, what is 37750081 + -24?
37750056
In base 11, what is -3802 - a33?
-4735
In base 15, what is -2867 - -1b7a1?
18e39
In base 10, what is 600 + -36525?
-35925
In base 5, what is -2003234011 + -4?
-2003234020
In base 5, what is 20323332 - -133?
20324020
In base 8, what is 2157002776 + -6?
2157002770
In base 14, what is 20457294 + -3?
20457291
In base 2, what is 1101011000001010011010111011 - 100?
1101011000001010011010110111
In base 9, what is 10651 + -24711?
-14050
In base 12, what is -428b9b - -130?
-428a6b
In base 8, what is -4023146 + -12?
-4023160
In base 14, what is 2a26b9d + 0?
2a26b9d
In base 7, what is -31630 + 466262?
434332
In base 6, what is -1200030 + 4245?
-1151341
In base 11, what is 23a6804 + 27?
23a6830
In base 9, what is -53 + -12741625?
-12741678
In base 15, what is 1 - b231b8?
-b231b7
In base 5, what is 11044032304 - 0?
11044032304
In base 10, what is 0 + -122669367?
-122669367
In base 2, what is 10001011101 + 101101111110101?
110000001010010
In base 9, what is -281 - 121648?
-122040
In base 4, what is -3130000120 + -10100?
-3130010220
In base 14, what is 6a - -145974?
145a00
In base 2, what is 1111100101010100100101100 - 101?
1111100101010100100100111
In base 9, what is 21204 - -5715?
27020
In base 6, what is -133203323 + 1?
-133203322
In base 16, what is 14c6 + -342?
1184
In base 10, what is -61882748 - 0?
-61882748
In base 8, what is -5 - 5776560?
-5776565
In base 12, what is -128 + -150507?
-150633
In base 8, what is 11 - -11626462?
11626473
In base 12, what is -49674 - -6335?
-4333b
In base 13, what is 42 + 3277a?
327bc
In base 8, what is -4 + 17133104?
17133100
In base 2, what is 0 + -1001101101111111111001000000?
-1001101101111111111001000000
In base 4, what is 13 + 3332301203?
3332301222
In base 13, what is 9 + 50b76a?
50b776
In base 15, what is -22d8 + -e2d?
-3216
In base 12, what is 772224 + 15?
772239
In base 7, what is -1063545341 + 1?
-1063545340
In base 13, what is -25 + -c9b56?
-c9b7b
In base 6, what is 10434204 + -1431?
10432333
In base 13, what is 1ca - 8b736?
-8b539
In base 14, what is -3a96950 - 18?
-3a96968
In base 3, what is 12122200011011 + -10000?
12122200001011
In base 12, what is -569 + -1682?
-202b
In base 13, what is -52841 + -1548?
-54089
In base 12, what is -16 - -69257?
69241
In base 9, what is -16400 + 112174?
84674
In base 2, what is -100 - 100111110011100111111?
-100111110011101000011
In base 15, what is -1067cd2e - 3?
-1067cd32
In base 2, what is 1011110 + 111101001111100101?
111101010001000011
In base 13, what is -82 - 8790?
-8842
In base 11, what is -545331 + 2?
-54532a
In base 10, what is -4 + 1499827?
1499823
In base 14, what is 5 - 152dc4?
-152dbd
In base 15, what is -708ab854 + 1?
-708ab853
In base 11, what is 14 + -185668?
-185654
In base 11, what is 1151a94 - -80?
1152064
In base 9, what is 577703 + 864?
578667
In base 7, what is 1644034 - -1562?
1645626
In base 4, what is -1301020030 + -113?
-1301020203
In base 16, what is -5 + ae3bc92?
ae3bc8d
In base 13, what is aa1a30 - b?
aa1a22
In base 8, what is 5 - -2210761427?
2210761434
In base 6, what is -350445 - -3451?
-342554
In base 16, what is -12270b9b - -5?
-12270b96
In base 2, what is 101111100011110111 + 1000011011?
101111101100010010
In base 7, what is -333530441 + -52?
-333530523
In base 2, what is 1011000 - -100000111001101101?
100000111011000101
In base 6, what is 25054023 - 10?
25054013
In base 3, what is 12 + 10102100021110111?
10102100021110200
In base 8, what is -5 - 535262?
-535267
In base 10, what is -2235654 + 10?
-2235644
In base 11, what is 2249243 - -15?
2249258
In base 7, what is 303155 - -1556?
305044
In base 3, what is -2020 + -11101210110?
-11101212200
In base 15, what is 28cac9 + -3?
28cac6
In base 11, what is 20 + 2a5381?
2a53a1
In base 13, what is 1543 - -24452?
25995
In base 9, what is -824076 - 45?
-824132
In base 5, what is 13144032 - -31120?
13230202
In base 16, what is 7e + -859f?
-8521
In base 4, what is -10 + 1310322033330?
1310322033320
In base 15, what is 908a17c - 1?
908a17b
In base 9, what is -60600 + -261?
-60861
In base 4, what is -3 + 3102220230321?
3102220230312
In base 7, what is -263656 - 33131?
-330120
In base 3, what is -1102 - -1212200010221?
1212200002112
In base 2, what is -101010010110011101111 + 111?
-101010010110011101000
In base 2, what is -11 - 11011011010101111010110?
-11011011010101111011001
In base 15, what is -9ebce1a + -1?
-9ebce1b
In base 2, what is 1000100110100010101100 - -100000?
1000100110100011001100
In base 8, what is 53142 + 1513?
54655
In base 4, what is -122320321230 - -2?
-122320321222
In base 5, what is 4 + 411232133003?
411232133012
In base 11, what is 105 - 66765?
-66660
In base 8, what is -2 + 5535501?
5535477
In base 2, what is -1111100100 + 11000011001010111?
11000001001110011
In base 16, what is -9 - -3af561?
3af558
In base 14, what is 308 - 10cd6?
-109cc
In base 4, what is -13200111 - 10102?
-13210213
In base 13, what is 13b - -a7047?
a7185
In base 12, what is 28 + 80102a?
801056
In base 3, what is 10120112100 - 100?
10120112000
In base 9, what is 7521071 - 3?
7521067
In base 14, what is 1 - 1972a5?
-1972a4
In base 3, what is -10 + 122100101010?
122100101000
In base 15, what is -1d - -135d5?
135b7
In base 11, what is -36095a04 + 1?
-36095a03
In base 7, what is -140 + 164140556?
164140416
In base 2, what is -1100101000111000101111000 - -11?
-1100101000111000101110101
In base 13, what is -1842b + -297c?
-1b0aa
In base 5, what is -12 - -20412044?
20412032
In base 4, what is 1 - -20112333030?
20112333031
In base 7, what is -5621463 - -1352?
-5620111
In base 10, what is -588 - -37571?
36983
In base 2, what is -11010000101111010110110101 + -10?
-11010000101111010110110111
In base 12, what is 17b + 495b36?
4960b5
In base 2, what is 1000111110001010 - -10100010010?
1001010010011100
In base 10, what is -379946 + 2?
-379944
In base 16, what is 21c + 6962c?
69848
In base 7, what is 1 + -26155551?
-26155550
In base 8, what is -60625005 - -10?
-60624775
In base 14, what is 69ab - -cc?
6a99
In base 16, what is 167d33 - -129?
167e5c
In base 9, what is -4625080 - -61?
-4625018
In base 6, what is -431 - -25125323?
25124452
In base 4, what is -100233310 - 1010?
-100300320
In base 16, what is 4c5 + 1b12?
1fd7
In base 4, what is 221011001 - 30302?
220320033
In base 10, what is -4 + 23504351?
23504347
In base 6, what is -4424001 + 22?
-4423535
In base 6, what is -110415415 - -221?
-110415154
In base 15, what is -15 - -294c?
2937
In base 4, what is 31122120 - 2213?
31113301
In base 15, what is 4c1c8 + -77?
4c151
In base 9, what is -75052081 + 2?
-75052078
In base 10, what is 5 + 18384211?
18384216
In base 13, what is -403 + -82a6?
-86a9
In base 14, what is b1 - 63d27?
-63c56
In base 2, what is 1001010110001 + -110110001?
1000100000000
In base 8, what is -157 + -324562?
